74 - -430. Let x(f) = 10*f - 8. Let l be x(-7). Let t = h - l. What is the units digit of t?
4
Suppose 12 = -4*m + 80. Let r be (m/(-2))/(9/36). Let c = 60 + r. What is the units digit of c?
6
Let z = -3550 - -1921. Let y = -1068 - z. What is the hundreds digit of y?
5
What is the units digit of (-43968)/(-66) - ((-265)/55 + 5)?
6
Suppose 0 = -2*h - 311*z + 306*z + 47503, h - 23741 = -4*z. What is the units digit of h?
9
Suppose -2*q + 6 = -6. Let a(c) = -5*c**3 - c**2 - c + 1. Let y be a(-1). Suppose -q = -o + y. What is the units digit of o?
2
Let x = 19 + 9. Let u be x/7*1 - (-10)/2. Suppose 508 = u*d - 1112. What is the tens digit of d?
8
Let q(n) = 39*n + 4. Suppose 6*h - 2 = 4*h + 4*a, 3*a - 57 = -5*h. What is the hundreds digit of q(h)?
3
Suppose -53 = -14*z - 25. Suppose 2*i = -z*y + 1352, 4*i = -3*y - 2*y + 3376. What is the tens digit of y?
7
Let k(z) = z**3 + 14*z**2 - 16*z - 15. Let p be k(-15). Let r be p/((-1)/(4/4)). Suppose r*u = 3*u - 198. What is the tens digit of u?
6
Let u = 4045 + -980. Let s = u + -1446. What is the thousands digit of s?
1
Suppose -8*x = -346994 + 29146. What is the units digit of x?
1
Let o = -59 + 62. Suppose o*g - 5*z + 8355 = 8*g, 0 = -5*g + 5*z + 8395. What is the tens digit of g?
7
Let x(a) = -a**3 + 12*a**2 + 24*a + 6. Let h be x(12). Suppose h = o - 2*s, 5*o - 8*o + 4*s + 872 = 0. What is the units digit of o?
4
Let o = 2436 - -3302. What is the units digit of o?
8
What is the units digit of 0 - -1 - (-495*1 + -5)?
1
Suppose 3*r = b + 5292, 3483 = 5*r + b - 5337. Let a = r + -1153. What is the tens digit of a?
1
Suppose -2*f + 7412 = 2*x, 3722 = f + 213*x - 210*x. What is the units digit of f?
8
Suppose 4*g - 35888 = -2*x, -g + 32512 = 2*x - 3385. What is the tens digit of x?
5
Let l(t) = 20*t - 78. Let n be l(5). What is the tens digit of ((-56)/5)/(n/(-55))?
2
Let n(h) = -5*h**3 - 9*h**2 - 7. Let x(l) = 4*l**3 + 8*l**2 - l + 7. Let y(a) = -3*n(a) - 4*x(a). What is the units digit of y(-7)?
3
Let n = -987 + 577. Suppose 2*z = -3*o - 10, -1 = -z - 4*z - o. What is the hundreds digit of ((-16)/40)/(z/n)?
1
Let q(c) = -5*c**2 - 31*c. Let u be q(-6). Suppose -u*i + 3574 = -i - 2*r, 5*r = 15. What is the hundreds digit of i?
7
Let p be (-1 - -1 - -1)/(161/261142). Let l = p - 926. What is the tens digit of l?
9
Let c = 2 - -72. Let v = 118 + c. Let n = -113 + v. What is the tens digit of n?
7
Let w(m) = -19*m - 19. Let b(t) = -1. Let c(i) = 22*b(i) - 2*w(i). Let v be c(4). Suppose 0 = -f - 0 + 4, -2*x - 5*f = -v. What is the tens digit of x?
7
Let w(h) = h**2 + 3*h + 2. Let g = -113 + 113. Let f be w(g). Suppose -f*z = 7 - 27. What is the tens digit of z?
1
Let k = 75 + -44. Let j = k - 21. Suppose j*i = 7*i + 102. What is the units digit of i?
4
Suppose 2*s - 31 = 329. Suppose -3*m - 2*m = 25, -3*a + 3*m - s = 0. Let f = a - -117. What is the tens digit of f?
5
Suppose -a - 2*w + 23 - 2 = 0, 4 = w. Suppose -4*r = 3*p - 5*r - a, 3*r - 33 = -3*p. What is the tens digit of (-1 + -49)/(((-3)/p)/1)?
0
Let q = 81 - 80. Suppose -14 = -3*j + q. Suppose -243 + 60 = -c - z, j*z - 366 = -2*c. What is the tens digit of c?
8
Let b = -23637 - -60434. What is the tens digit of b?
9
Let k(h) = h**3 + h**2 + 118. Let d be k(0). Let r = -115 + d. Suppose -5*f + 3*p + 1314 = 0, 2*f - 513 = -r*p - 0*p. What is the hundreds digit of f?
2
Let t = -12192 - -24856. What is the tens digit of t?
6
Let d = 27 - 16. Let j(t) = -d - 12 + 12*t - 7. What is the units digit of j(7)?
4
Suppose -8*d = 352 - 2288. Let n = d + -16. What is the units digit of n?
6
Suppose 0 = h - 5*y + 552, 0 = 4*y - 8 + 4. Let i = -94 - h. What is the hundreds digit of i?
4
Let z be 16 + -14 - (-2 + -1). Suppose -2*g - 2 = 4*s - 4, -z*g + 3*s + 31 = 0. Suppose 9*o - g*o - 232 = 0. What is the tens digit of o?
5
Suppose 0 = -4*r + 348 + 1024. Let y = -269 + r. What is the tens digit of y?
7
What is the tens digit of (49560/9)/(66/99)?
6
Let i be 7 + (9/6)/(3/(-4)). Suppose 2*r - 5 = i. Let g = r - -2. What is the units digit of g?
7
Let k(u) = 677*u - 436. What is the tens digit of k(22)?
5
Let d(h) = 2 - 385*h + 7 - 19 + 3. What is the hundreds digit of d(-1)?
3
Let z(j) = 10*j**2 - 5*j - 9. Let i = -246 + 251. What is the units digit of z(i)?
6
Suppose -48*g - 4716 = -52*g + 33840. What is the hundreds digit of g?
6
Let t = -23567 - -54776. What is the ten thousands digit of t?
3
Let o(h) be the second derivative of 185*h**3/6 - 99*h**2/2 + 111*h. What is the units digit of o(5)?
6
Let a = 137 - 120. Let s = 145 + a. What is the tens digit of s?
6
Suppose -3*y + 15623 = -4*a, 3*y - 562*a - 15627 = -559*a. What is the units digit of y?
3
Suppose 0 = -5*p - 3*z + 183259 - 35249, 3*z + 59204 = 2*p. What is the tens digit of p?
0
Let t be (-13 + 12)*(1 + 314). What is the hundreds digit of 5908/18 - (-7)/t*10?
3
Let f be (-6)/(-2) + (3 - 3) + -1. Let d(b) = 165*b - 55. What is the tens digit of d(f)?
7
Let s = 19900 - -11108. What is the units digit of s?
8
Let n be 3/(5/((-6880)/(-6))). Suppose 3*x = 16*x - 65. Suppose j = x*j - n. What is the hundreds digit of j?
1
Let c(j) = 88*j**3 + 12*j**2 + 8*j - 22. What is the tens digit of c(6)?
6
Let l = -33044 - -56042. What is the hundreds digit of l/168*4 + 12/(-21)?
5
Let u(a) = 6813*a**2 + 376*a + 11. What is the tens digit of u(-3)?
0
Let k(l) = 17*l - 13. Suppose v = -5*v + 282. Let g = 52 - v. What is the units digit of k(g)?
2
Suppose -5*g - 2*l + 57825 = -34727, 0 = -9*g - 2*l + 166592. What is the ten thousands digit of g?
1
Let q(m) = -m**3 - 3*m**2 - 19*m - 648. What is the tens digit of q(-15)?
3
Let p = 41092 + 38104. What is the ten thousands digit of p?
7
Suppose -106*t = -531418 - 147926 - 238298. What is the thousands digit of t?
8
Let s = 109971 + -29070. What is the thousands digit of s?
0
Let a = -50 - 11. Let l = 35 + a. Let h = -22 - l. What is the units digit of h?
4
Suppose -n + 72 = -4*f, 3*n - 8*n + 300 = -5*f. Suppose -n*d + 5096 = -43*d. What is the units digit of d?
2
Let n(i) = -2*i**3 + 56*i**2 + 57*i + 35. Let q be n(29). What is the tens digit of ((-48)/32)/(q/(-1012))?
5
Let j be (2/(-3))/(14/6132). Let v = 440 - 979. Let d = j - v. What is the tens digit of d?
4
Suppose -2*c = -k + 9, -4*k - 66 = -8*k + 2*c. Suppose 2*l + 61 + 16 = 3*i, 4*i + 20 = 0. Let q = k - l. What is the units digit of q?
5
What is the ten thousands digit of (318/(-84) - -4) + 1383250/28?
4
Let k be (-10)/(-10 - 30) - 22/(-8). What is the hundreds digit of (-1 - 3) + k + 260?
2
Suppose 4*v - r = 22225, -16*r = -19*r + 9. What is the thousands digit of v?
5
Let c(m) = 2884*m**3 - 2*m**2 + 3*m - 2. Let n be c(1). Let i be (-2)/(-7) - n/21. Let w = -30 - i. What is the hundreds digit of w?
1
Let j(g) = -9*g + 23. Let b be j(8). Let m = b + 43. What is the units digit of (-1 - 11/m)*6?
5
Suppose c - 9861 = 5*i - 3977, 5*c - 29600 = -5*i. What is the tens digit of c?
1
Let y(n) = 28*n**3 - n**2 + 2*n - 2. Let z be -4 + (-30)/(1 + -7). What is the units digit of y(z)?
7
Suppose -3*d - 3*c + 208872 = 0, -2885*d + 2*c - 278494 = -2889*d. What is the thousands digit of d?
9
Let v be 29/3 - 0 - 4/(-3). Suppose v*o - 7929 = 5062. What is the thousands digit of o?
1
Suppose -6*u = -0*u - 18. Suppose -57 + 339 = b + x, 0 = u*b + 5*x - 850. What is the tens digit of b?
8
Let n(g) = 9*g + 20. Let v(a) = -8*a - 21. Let u(z) = -4*n(z) - 3*v(z). Let l be u(-8). Let t = l + -12. What is the units digit of t?
7
Let f = -130 + 250. Let n(l) = l**3 + 5*l**2 - l - 5. Let r be n(-5). Suppose r*m = -5*m + f. What is the tens digit of m?
2
Let y(t) = 17*t**2 - 119*t + 801. What is the ten thousands digit of y(29)?
1
Let z = -126 + 36. What is the units digit of z/(-14) - (-36)/(-84) - -1?
7
Let r = -12977 - -12980. Suppose -2*a + 283 + 497 = 0. Suppose -8 = u + 3*u, -a = -3*k + r*u. What is the tens digit of k?
2
Let u = 80762 - 27624. What is the tens digit of u?
3
Let p(m) = -13*m + 9. Let l be (9 - 189/18)/(2/(-20)). Let x be p(l). Let w = -45 - x. What is the tens digit of w?
4
Let z(v) = 15*v**3 + 23*v**2 - 55*v - 251. What is the ten thousands digit of z(10)?
1
Let j(h) = -2*h - 36. Let c be j(-20). Suppose 0 = -c*q - 400 + 1500. Let d = q + -150. What is the hundreds digit of d?
1
Let d be ((-74)/10 - -5)/(4/(-10)).